{"id":151,"date":"2016-11-13T23:07:17","date_gmt":"2016-11-13T22:07:17","guid":{"rendered":"https:\/\/new.sportpassionbondues.fr\/?page_id=151"},"modified":"2020-02-09T21:00:00","modified_gmt":"2020-02-09T20:00:00","slug":"valentin-bernier","status":"publish","type":"page","link":"https:\/\/new.sportpassionbondues.fr\/index.php\/valentin-bernier\/","title":{"rendered":"Valentin Bernier"},"content":{"rendered":"<p>Valentin nous propose le vendredi de 18H00 \u00e0 19H00, un cours de \u00ab\u00a0Pleine Forme\u00a0\u00bb : cours de renforcement musculaire et cardiovasculaire.<\/p>\n<p>Il a pour but de renforcer et d&rsquo;entretenir votre musculature ainsi que votre forme cardio.<\/p>\n<p>Puis de 19H00 \u00e0 20H00 : un cours de Pilates qui vise \u00e0 d\u00e9velopper la force de votre centre ainsi que votre conscience corporelle.<\/p>\n<p><img decoding=\"async\" loading=\"lazy\" class=\"\" src=\"http:\/\/new.sportpassionbondues.fr\/wp-content\/uploads\/2020\/02\/ValentinBernier.jpg\" width=\"147\" height=\"196\" \/><\/p>\n","protected":false},"excerpt":{"rendered":"<p>Valentin nous propose le vendredi de 18H00 \u00e0 19H00, un cours de \u00ab\u00a0Pleine Forme\u00a0\u00bb : cours de renforcement musculaire et cardiovasculaire. Il a pour but de renforcer et d&rsquo;entretenir votre musculature ainsi que votre forme cardio. Puis de 19H00 \u00e0 <a class=\"more-link\" href=\"https:\/\/new.sportpassionbondues.fr\/index.php\/valentin-bernier\/\">Lire plus &#8230;<\/a><\/p>\n","protected":false},"author":1,"featured_media":0,"parent":0,"menu_order":0,"comment_status":"closed","ping_status":"closed","template":"","meta":[],"_links":{"self":[{"href":"https:\/\/new.sportpassionbondues.fr\/index.php\/wp-json\/wp\/v2\/pages\/151"}],"collection":[{"href":"https:\/\/new.sportpassionbondues.fr\/index.php\/wp-json\/wp\/v2\/pages"}],"about":[{"href":"https:\/\/new.sportpassionbondues.fr\/index.php\/wp-json\/wp\/v2\/types\/page"}],"author":[{"embeddable":true,"href":"https:\/\/new.sportpassionbondues.fr\/index.php\/wp-json\/wp\/v2\/users\/1"}],"replies":[{"embeddable":true,"href":"https:\/\/new.sportpassionbondues.fr\/index.php\/wp-json\/wp\/v2\/comments?post=151"}],"version-history":[{"count":9,"href":"https:\/\/new.sportpassionbondues.fr\/index.php\/wp-json\/wp\/v2\/pages\/151\/revisions"}],"predecessor-version":[{"id":1061,"href":"https:\/\/new.sportpassionbondues.fr\/index.php\/wp-json\/wp\/v2\/pages\/151\/revisions\/1061"}],"wp:attachment":[{"href":"https:\/\/new.sportpassionbondues.fr\/index.php\/wp-json\/wp\/v2\/media?parent=151"}],"curies":[{"name":"wp","href":"https:\/\/api.w.org\/{rel}","templated":true}]}}